umber?
False
Is 10193336831 a composite number?
False
Is 221556720127 composite?
False
Is 3170011183 a composite number?
False
Is 44088866131 a composite number?
False
Is 33561464081 a composite number?
False
Is 17261501947 composite?
True
Is 573179353 composite?
True
Is 443676137 a composite number?
False
Is 798832157 composite?
False
Is 27778648771 composite?
True
Is 11710988777 a composite number?
True
Is 514510637 composite?
True
Is 145139633 a prime number?
True
Is 2769062173 a prime number?
True
Is 10552636033 a prime number?
True
Is 756441331 prime?
True
Is 8695542677 a prime number?
True
Is 6204536033 a prime number?
False
Is 254954071 prime?
False
Is 277729051231 prime?
True
Is 108762389 a composite number?
True
Is 2385296981 composite?
False
Is 139242107 composite?
False
Is 372093357 prime?
False
Is 350015491 a prime number?
False
Is 7908288887 prime?
False
Is 65299723 a composite number?
False
Is 4059011643 a prime number?
False
Is 17597090603 a prime number?
True
Is 3903652301 composite?
True
Is 2217681787 a composite number?
False
Is 47625371 composite?
False
Is 367697189 a composite number?
False
Is 54363539042 composite?
True
Is 3604150681 a composite number?
True
Is 280011281 a prime number?
False
Is 217745493047 a prime number?
True
Is 199978473443 composite?
True
Is 2744348647 a composite number?
False
Is 161939420501 prime?
True
Is 11926212827 a prime number?
False
Is 2758058879 composite?
False
Is 16167378613 a composite number?
True
Is 68379236953 prime?
True
Is 29992946513 a composite number?
True
Is 302783147 a prime number?
True
Is 13312194763 prime?
False
Is 8133308437 a composite number?
False
Is 1499282987 a prime number?
True
Is 5547714929 a composite number?
True
Is 2698077479 composite?
False
Is 9383798233 composite?
True
Is 721256363 composite?
True
Is 26489492009 prime?
True
Is 36997801 a prime number?
True
Is 71908099309 a composite number?
False
Is 165647819 prime?
True
Is 6612142157 a prime number?
False
Is 293641487 a prime number?
True
Is 3361477181 composite?
True
Is 41803635917 a composite number?
False
Is 255976843 a composite number?
False
Is 2366217979 prime?
False
Is 589604957 a prime number?
False
Is 22063487359 a prime number?
False
Is 553143581 a composite number?
False
Is 9583511605 composite?
True
Is 5582047137 composite?
True
Is 51268726517 a prime number?
True
Is 11798103155 a composite number?
True
Is 36851012651 a prime number?
False
Is 831233903 a composite number?
True
Is 364449829 a prime number?
True
Is 440380313 composite?
True
Is 1390546723 a composite number?
True
Is 10323966637 prime?
False
Is 342875480678 a composite number?
True
Is 16716920377 composite?
False
Is 12434423429 a prime number?
True
Is 15394703151 a prime number?
False
Is 7388035 a composite number?
True
Is 752092897 prime?
False
Is 14505311507 composite?
False
Is 72011429411 a composite number?
False
Is 921031229 a composite number?
False
Is 92534231 a composite number?
True
Is 1280784047 a prime number?
True
Is 767694197 composite?
False
Is 6074654741 prime?
False
Is 57208667 prime?
False
Is 13577492483 prime?
True
Is 248922673 a composite number?
False
Is 3774393853 prime?
False
Is 495075439 composite?
True
Is 5871442019 composite?
False
Is 9430778369 prime?
True
Is 54171855523 a composite number?
True
Is 1541721547 composite?
False
Is 8146940443 prime?
False
Is 12294604211 prime?
True
Is 3198866329 a prime number?
False
Is 21534636229 composite?
True
Is 11557657759 prime?
False
Is 14957348267 composite?
True
Is 620163023 a composite number?
False
Is 269205479 a composite number?
False
Is 87009481862 a prime number?
False
Is 628482593 a composite number?
True
Is 2728595021 a prime number?
True
Is 4995531637 prime?
True
Is 12581711 a prime number?
False
Is 9588489857 a prime number?
True
Is 3541428647 a composite number?
False
Is 12413881597 composite?
True
Is 3825563077 a prime number?
False
Is 1528537511 a prime number?
False
Is 625045241 composite?
False
Is 16128699701 a composite number?
True
Is 574028459 composite?
True
Is 671686369 prime?
True
Is 6374778805 composite?
True
Is 2668406891 a composite number?
False
Is 6371655239 a composite number?
False
Is 1030994137 a composite number?
True
Is 241347832721 composite?
False
Is 63956168317 composite?
False
Is 319568251 a prime number?
True
Is 894271633 a prime number?
False
Is 233239049 prime?
True
Is 2078166911 a composite number?
False
Is 2075181301 a composite number?
True
Is 2518914551 a prime number?
True
Is 3509367929 a prime number?
True
Is 11251581239 a prime number?
True
Is 892516346 prime?
False
Is 3552566939 composite?
False
Is 38518828489 composite?
True
Is 115192837 a composite number?
False
Is 8505992321 prime?
True
Is 20933419151 a prime number?
True
Is 1919808595 composite?
True
Is 1823654149 a prime number?
True
Is 6892078819 a prime number?
False
Is 2856568261 a composite number?
False
Is 173955323 composite?
False
Is 145544768731 composite?
True
Is 851416201 a prime number?
False
Is 474950579 composite?
False
Is 4031297979 composite?
True
Is 4041974683 a prime number?
False
Is 3527381953 prime?
True
Is 15777380627 a composite number?
False
Is 5822359 composite?
True
Is 1359486451 prime?
True
Is 4327661957 a prime number?
True
Is 202372409 prime?
False
Is 30374522617 composite?
False
Is 68172333731 a composite number?
False
Is 6161964761 a prime number?
False
Is 1912387123 prime?
True
Is 16331207479 a prime number?
True
Is 6992214181 a composite number?
True
Is 789551437 composite?
False
Is 2093645699 prime?
False
Is 423211193 composite?
False
Is 14954164787 prime?
False
Is 42095198543 prime?
False
Is 66184715089 a composite number?
True
Is 1744928489 composite?
True
Is 57350756723 a composite number?
True
Is 400858457 a composite number?
False
Is 51999808579 composite?
False
Is 6924903841 a prime number?
False
Is 940547297 a prime number?
True
Is 3322310311 a composite number?
True
Is 678400313 a composite number?
False
Is 235718969 a prime number?
False
Is 255699461 composite?
False
Is 1911937733 composite?
False
Is 4348564457 composite?
False
Is 6024954085 a prime number?
False
Is 19387261 a prime number?
True
Is 8035321153 a composite number?
False
Is 37780151341 prime?
True
Is 2112075089 a prime number?
False
Is 2643009503 a composite number?
False
Is 643204909 prime?
False
Is 36985157749 a prime number?
True
Is 48655946527 a prime number?
True
Is 17146922577 composite?
True
Is 74070335905 a prime number?
False
Is 381494317 composite?
True
Is 437052019 a composite number?
False
Is 27510559177 a prime number?
False
Is 1767648259 prime?
False
Is 2089547609 composite?
True
Is 13028907673 composite?
False
Is 37858472077 prime?
True
Is 541865353 a composite number?
False
Is 18800424473 prime?
False
Is 2656627723 composite?
True
Is 6099147053 a prime number?
True
Is 129002407309 a prime number?
True
Is 17205557009 a composite number?
False
Is 2105314103 a prime number?
True
Is 931956613 composite?
True
Is 3549959537 a prime number?
False
Is 113509691 composite?
True
Is 6965151823 composite?
True
Is 399226379 prime?
True
Is 1002934357 a prime number?
True
Is 66558811 prime?
False
Is 6191065721 composite?
True
Is 33285696447 prime?
False
Is 139065370567 composite?
False
Is 44850371789 a prime number?
True
Is 34535966947 prime?
True
Is 5606893367 a prime number?
False
Is 2037255377 a prime number?
False
Is 4961790179 a composite number?
True
Is 326397353 a prime number?
True
Is 80043805319 a composite number?
False
Is 585886703 a prime number?
True
Is 13428154637 composite?
True
Is 3751441919 prime?
False
Is 75799261 composite?
True
Is 4410047627 a prime number?
False
Is 6777489077 a composite number?
False
Is 20365939547 a prime number?
True
Is 590798951 a prime number?
True
Is 1205474999 composite?
False
Is 425948701 a prime number?
False
Is 1342276807 a prime number?
False
Is 40887872141 composite?
True
Is 26330853151 a prime number?
True
Is 1310927749 prime?
False
Is 22088509789 a prime number?
False
Is 2502630813 a composite number?
True
Is 22262110151 a prime number?
True
Is 18077418713 a composite number?
False
Is 1414655993 composite?
True
Is 4266792461 composite?
True
Is 3264170137 prime?
True
Is 10902944939 composite?
True
Is 9570930797